{"id":272,"date":"2014-09-11T14:24:53","date_gmt":"2014-09-11T14:24:53","guid":{"rendered":"http:\/\/recantofloripa.com.br\/website\/?page_id=272"},"modified":"2021-09-05T13:02:39","modified_gmt":"2021-09-05T13:02:39","slug":"localizacao","status":"publish","type":"page","link":"http:\/\/recantofloripa.com.br\/website\/localizacao\/","title":{"rendered":"Localiza\u00e7\u00e3o"},"content":{"rendered":"<div class=\"container section\"><div class=\"half column\"><\/div><h4 class=\" alt  left \"><span>Ponta das Canas<\/span><\/h4><\/p>\n<p style=\"text-align: justify;\">Praia de \u00e1guas claras e tranquilas, com extensa faixa de areia, permitindo que muitas pessoas encontrem um bom lugar para abrir seu guarda-sol. Localizada a 29 km do centro, possui uma ativa col\u00f4nia de pescadores, com restaurante \u00e0 beira do mar. No final do dia, um maravilhoso p\u00f4r do sol.<\/p>\n<p><h4 class=\" alt  left \"><span>Lagoinha<\/span><\/h4><\/p>\n<p style=\"text-align: justify;\">Magnifica enseada, localizada no extremo norte da ILHA DE SANTA CATARINA, com \u00e1guas quentes e calmas, al\u00e9m de um visual deslumbrante. Extensa faixa de areia.<\/p>\n<p><div class=\"container section\"><\/div><div class=\"full-width column\"><\/div><h4 class=\" alt  left \"><span>Praias de Ponta das Canas e Lagoinha<\/span><\/h4><\/p>\n<p><\/p>\n<p><\/div>\n\n\n<div class=\"wp-block-image\"><figure class=\"aligncenter size-full\"><a href=\"http:\/\/recantofloripa.com.br\/website\/wp-content\/uploads\/2021\/09\/Distancias.jpg\"><img loading=\"lazy\" decoding=\"async\" width=\"521\" height=\"549\" src=\"http:\/\/recantofloripa.com.br\/website\/wp-content\/uploads\/2021\/09\/Distancias.jpg\" alt=\"\" class=\"wp-image-3010\" srcset=\"http:\/\/recantofloripa.com.br\/website\/wp-content\/uploads\/2021\/09\/Distancias.jpg 521w, http:\/\/recantofloripa.com.br\/website\/wp-content\/uploads\/2021\/09\/Distancias-285x300.jpg 285w\" sizes=\"(max-width: 521px) 100vw, 521px\" \/><\/a><\/figure><\/div>\n","protected":false},"excerpt":{"rendered":"","protected":false},"author":1,"featured_media":287,"parent":0,"menu_order":0,"comment_status":"open","ping_status":"open","template":"","meta":{"footnotes":""},"_links":{"self":[{"href":"http:\/\/recantofloripa.com.br\/website\/wp-json\/wp\/v2\/pages\/272"}],"collection":[{"href":"http:\/\/recantofloripa.com.br\/website\/wp-json\/wp\/v2\/pages"}],"about":[{"href":"http:\/\/recantofloripa.com.br\/website\/wp-json\/wp\/v2\/types\/page"}],"author":[{"embeddable":true,"href":"http:\/\/recantofloripa.com.br\/website\/wp-json\/wp\/v2\/users\/1"}],"replies":[{"embeddable":true,"href":"http:\/\/recantofloripa.com.br\/website\/wp-json\/wp\/v2\/comments?post=272"}],"version-history":[{"count":38,"href":"http:\/\/recantofloripa.com.br\/website\/wp-json\/wp\/v2\/pages\/272\/revisions"}],"predecessor-version":[{"id":3011,"href":"http:\/\/recantofloripa.com.br\/website\/wp-json\/wp\/v2\/pages\/272\/revisions\/3011"}],"wp:featuredmedia":[{"embeddable":true,"href":"http:\/\/recantofloripa.com.br\/website\/wp-json\/wp\/v2\/media\/287"}],"wp:attachment":[{"href":"http:\/\/recantofloripa.com.br\/website\/wp-json\/wp\/v2\/media?parent=272"}],"curies":[{"name":"wp","href":"https:\/\/api.w.org\/{rel}","templated":true}]}}